. Is j(y) prime?
True
Suppose 892*v - 1013*v = -11112277. Is v composite?
False
Suppose -4*g + 0*f = -f - 30, -3*f = -6. Let s be (0 - -3)*8/g. Suppose -4*a + 2534 = -2*u, s*u = 3*a - 626 - 1282. Is a a composite number?
False
Suppose -7*y = 5*g - 8*y - 31, 0 = 4*g - 3*y - 16. Suppose 9 = g*n - 4*n. Suppose -n*k = -2*k - 411. Is k composite?
True
Let g(f) = -28*f**3 - 23*f**2 - 66*f + 1. Is g(-6) a composite number?
True
Suppose 3*m + 98870 = 2*x, -101*m + 96*m = 4*x - 197828. Is x prime?
False
Let a(d) = 47*d**3 - 3*d**2 - 3*d**2 + 0 + 0*d**3 - 3 + 8*d. Let l be a(3). Let z = l + -518. Is z a composite number?
True
Let h be ((-3 + 3)/(-2))/(6/(-6)). Suppose h = -4*g - 3*g + 25053. Is 8/(-12) + g/9 a prime number?
True
Let s = -133 + 388. Let a be 2/(-5) - 94/(-10). Is s/a*(-12)/(-4) prime?
False
Is ((-380518)/(-244))/((-1)/(-38)) composite?
True
Suppose -154*h + 87791983 = 31*h - 46*h. Is h a composite number?
False
Let b = 490 - 491. Is b*2/4*-37946 a composite number?
False
Let v = 14794 + -11877. Is v a composite number?
False
Let w be -6056 - ((-4)/((-2)/2))/2. Let o = -10447 - w. Let f = -2826 - o. Is f composite?
True
Let o be 78/(-52)*(-8)/6. Suppose 6*j - o*j = 0. Suppose j = y - 999 - 166. Is y prime?
False
Suppose 0 = 6*h + 24. Let r be 1/(-5) + 3/(-15)*-6. Is (-3 + (-16)/h)*r + 156 prime?
True
Let a be ((-432)/(-60))/(6/15). Suppose -370 = a*c - 20*c. Is c prime?
False
Let j = 205 + -97. Let c be (j/(-30))/(14/(-10) - -1). Suppose -633 - 33 = -c*g. Is g a prime number?
False
Suppose -216088 = -31*n + 23*n. Is n a prime number?
True
Suppose -114*c + 111*c + 9 = 3*p, -5*c = -5. Suppose p*i + 15*i - 481933 = 0. Is i prime?
True
Is (1160/(-30))/(-58) - (-1248902)/6 composite?
True
Suppose 3*p - 4*p = -3*o + 3283, -5*p = -3*o + 16451. Let j = p - -6983. Is j a composite number?
False
Let z(s) = -14*s**2 + s**3 + 3*s - 4*s**2 + 19*s**2 + 1511. Is z(0) prime?
True
Is 3 + -3 + -2531*(21/7 - 16) prime?
False
Let t(n) = 5*n**2 - 6*n - 45. Suppose k = -y - 23, y = -2*k - 2*k - 14. Is t(y) prime?
True
Suppose -12*k + 81875 = -26473. Is k a prime number?
True
Suppose 0 = -5*d + 8*d - 9. Suppose -d*o - r = -52, -5*r - 37 + 9 = -o. Is -3 + -2*(-7)/(21/o) prime?
False
Suppose -1025830 = -3*d + 5*w, 3*w - 1709728 = -783*d + 778*d. Is d a prime number?
False
Let w(v) = -165*v**3 + 12*v**2 - 46*v - 8. Is w(-7) a composite number?
True
Suppose -5*a + 1055 = -5*k, -5*a + k + 1063 = 4*k. Let n = 155 - 50. Let z = n + a. Is z composite?
False
Let c = 1110 + -3009. Let d = c - -3364. Suppose -5*s = 5*n - d, 3*s - 2*n = 3*n + 879. Is s composite?
False
Let y(z) = -276*z - 7. Let c(t) = 276*t + 8. Let d(x) = x. Let r(o) = -c(o) - d(o). Let s(j) = -3*r(j) + 4*y(j). Is s(-5) a composite number?
False
Let o = -8116 - -12438. Let j = o + -2266. Suppose 4*l - j = 2*z, l + 4*z = -3*l + 2056. Is l a composite number?
True
Suppose 3*v - 198879 = -4*b, 120*b - 125*b - 132586 = -2*v. Is v a composite number?
False
Let w(c) = 43*c + 10. Let n be ((-4)/(-6))/(2/9). Suppose 4*i = -4*d + 24, n*i + d + d = 21. Is w(i) a composite number?
False
Let b(v) = v**2 - 16*v - 33. Let p be b(18). Suppose -9 = -p*s + 3*x, -4*s + 9*x - 4*x = -12. Suppose -s*a - 3*a = -2298. Is a prime?
True
Let k = 312 + 183. Let v be 7 - (-1 + 3) - -1319. Suppose 2*q = p - k, 5*p - 3*q - v = 1165. Is p a composite number?
False
Is 2*20/40*87383 prime?
True
Let l be (-4)/(-6)*90/12. Let w = l - 16. Let g(t) = 2*t**2 - 25*t + 6. Is g(w) composite?
False
Let l be ((-21)/14)/(7/(-168)). Is 6/l*4 - 1921/(-3) composite?
False
Suppose -167*k + 633294 + 7795697 = 0. Is k prime?
False
Let p be (32/(-12))/(8/24). Let w(u) = -4*u**3 - 3*u**2 - 12*u - 18. Is w(p) prime?
False
Let c be 119748/(-17)*(-2)/(-3). Let w = -1775 - c. Is w a composite number?
True
Let k = 306 + -552. Suppose 0 = -42*c + 44*c + 270. Let t = c - k. Is t prime?
False
Let h(m) = 109*m**2 + 351*m + 19. Is h(-26) a prime number?
True
Let n(d) = 13*d - 99. Let o be n(8). Suppose 15446 = i + 10*u - 11*u, -o*u = -15. Is i a composite number?
True
Let b(k) be the third derivative of k**6/120 - k**5/60 + k**4/3 + 1735*k**3/6 + 40*k**2 + 3*k. Is b(0) a prime number?
False
Let a = 6559 + 55390. Is a prime?
True
Suppose 0 = -6*a + 1011 - 231. Let n = a + -14. Let v = 381 - n. Is v composite?
True
Suppose 3*p = 2*p + 3*v + 2, -5*p + v + 24 = 0. Is -7 + p + -5 + 3394 composite?
True
Let b = 4497 - -1199. Let i = b - -1083. Is i a prime number?
True
Is 160/(-24) - 3809415/(-45) prime?
False
Let y(p) = 1 - 29*p**2 + 5068*p**3 + 0*p - p + 30*p**2. Is y(1) a prime number?
False
Let n = -73384 + 118795. Is n a composite number?
True
Let v(k) = 7*k**2 + 3*k + 7. Let t be v(-5). Let a(n) = n**3 + 31*n**2 - 27*n + 52. Let y be a(-32). Let l = t + y. Is l a prime number?
True
Suppose -c + 19 = 2*v + 4*c, -2*c = 3*v - 12. Suppose v*y - y - 82 = 0. Is y composite?
True
Let r(j) = -16*j + 80. Let v be r(3). Suppose v*a = 28*a + 15844. Is a a composite number?
True
Is (24 + -166810)/((6/18)/(1/(-6))) composite?
True
Suppose 4 = s + t - 2, -2*t + 18 = 3*s. Suppose -32621 = -4*j + 5*u, 0*j = -j - 5*u + 8149. Suppose 5*h - 13606 = 3*x, -x = 3*h - s*x - j. Is h composite?
True
Let s = 71380 + 257353. Is s prime?
False
Let j = -1646959 + 2823848. Is j prime?
False
Let c(j) = -j**2 + 14*j + 317. Let m be c(-12). Suppose m*s + 38445 = -4*f + 266676, -s = 4*f - 45643. Is s composite?
True
Let i be 26223 + 1 + (8 - 8). Suppose 4*f = v + 52420, -4*v = -2*f - 0*v + i. Let d = 20051 - f. Is d a prime number?
True
Is (4/(-14) - 85597635/(-357)) + 4*1 composite?
True
Suppose -19224891 = -72*f - 6708915. Is f a prime number?
False
Suppose -2*b = 4*j - b - 42490, 3*j - 31871 = b. Let t = 17144 - j. Is t a composite number?
False
Is (92211/14)/(8*9/336) prime?
False
Let a = -47092 + 96049. Is a a composite number?
True
Is 42297/((-30)/(-10)) - 0 composite?
True
Let m(o) = -714*o + 109. Let k(p) = 1069*p - 164. Let h(y) = -5*k(y) - 8*m(y). Is h(3) composite?
False
Let d(l) = -l**3 + 10*l**2 + 10*l + 4. Let i be d(11). Let z be (-106105)/i - 6/(-42). Is ((-18)/(-15))/(-2) - z/(-5) prime?
False
Let w be ((-16)/(-44))/(12/66). Let d(q) = 4*q - 9. Let k be d(4). Suppose 3*z = 9, 4*s - k*s = w*z - 1929. Is s composite?
False
Suppose 0 = -f + 3*f - 6528. Let g = f - 1521. Is g*(-3 - 30/(-9)) prime?
False
Let a = -134 - -138. Suppose 2*r = 3*s - 15907, 2*s + a*r + 1114 = 11708. Suppose 4*q - s = 3391. Is q prime?
False
Let v be (-4)/(-1) + (-6 - -2) + 8. Is (-5 - -5) + (1149 - v) a prime number?
False
Let n(g) = -3*g**3 + 7*g**2 + g + 8. Let r be n(4). Let q = r - -175. Suppose -j - 5*o + 44 = -16, -2*j + 3*o = -q. Is j prime?
False
Suppose 1217*y = 1219*y + 9858. Is y*(2 + -4) - (6 - 11) a composite number?
True
Let i = -446 - -460. Suppose -4*f - z + 22553 = 0, 3*z = 11*f - i*f + 16908. Is f a composite number?
False
Suppose 0 = -9*f + 1787757 + 162210. Is f prime?
False
Let d(a) be the second derivative of 29*a**4/12 - 13*a**3/6 - 15*a**2/2 + a. Let w = -124 - -117. Is d(w) a composite number?
True
Suppose 1618 = 6*a - 710. Let u = a - 29. Is u a prime number?
True
Let c(i) = 3673*i + 2068. Is c(15) a composite number?
False
Suppose -3*t - 930763 = -5*u, -874*u + 4*t = -875*u + 186125. Is u composite?
False
Let g = 1456 - 5701. Let j = 1589 - g. Is j composite?
True
Let h(l) = 2*l + 3. Let r be h(1). Suppose -4*n = -r*d - 2*n + 25, n = 0. Suppose -991 - 2244 = -d*q. Is q prime?
True
Let d(a) = -37600*a + 231. Is d(-2) prime?
True
Let k = -15 - -17. Suppose 2*t + 0 = k*z - 4, -2*z + 4*t = -8. Let s(o) = o**2 + 3977. Is s(z) composite?
True
Let m(o) = 542*o - 11. Let v = 32 + -29. Let u be m(v). Suppose 2924 + u = 3*b. Is b a composite number?
True
Let t be 5/(-10)*-991*2. Let j be 4/(-4) + 3 + t. Suppose -r - 2*r = -c - j, 3*r - 993 = 2*c. Is r composite?
False
Let k(o) = -220 + 623 + o - o + o. Let z be k(0). Let y = 1750 + z. Is y composite?
False
Let j be (1*(-1 - 0))/((-4)/8). Suppose 4*i - 13 = j*q - 93, i + 2*q + 10 = 0. Let g = 653 + i. Is g prime?
False
Let n(q) be the third derivative of -25*q**4/12 - q**3/6 + 9*q**2. Let d be n(-2). Let y = 168 - d. Is y prime?
False
Let u(v) = -2*v**2 - 15*v + 1. Let m be u(-4). Suppose -38*h + 21717 = -m*h. Is h a prime number?
False
L